greatest common divisor of z and 54?
6
Let r(v) = -2*v + 36. Let q be r(13). Calculate the highest common factor of q and 130.
10
Let k be (-8 + 0)*(-18)/12. Suppose -h - k = -4. Let x = 23 + h. Calculate the greatest common divisor of 45 and x.
15
Suppose 0 = -a - 2*h + 4*h - 2, 3*h = -4*a + 14. Calculate the greatest common factor of a and 32.
2
Let v = 3 - 3. Suppose 3 = -4*m - 3*u, 5*m - u - 17 - 3 = v. Let i be 380/6 - 1/m. Calculate the highest common factor of 42 and i.
21
Let g be (-36)/(-10)*35/21. Suppose g*y = -5 + 275. Let a be 17/3 + 6/(-9). Calculate the highest common divisor of y and a.
5
Suppose -45 = 7*k - 2082. What is the greatest common divisor of k and 485?
97
Let n(k) = 2*k**2 + 19*k + 6. Let w be n(-10). Calculate the greatest common divisor of w and 16.
16
Let b(r) = r**2 + 7*r + 2. Let k be b(-7). Suppose -l = 1, -k*w - l = -3*w + 17. What is the highest common factor of 2 and w?
2
Let q be 1 + (-1 - 1) + 17. Let o be 4/18 - q/(-9). Suppose 3 - 13 = -o*l. What is the greatest common divisor of 5 and l?
5
Let r be ((-154)/(-49))/((-2)/(-28)). Calculate the highest common factor of r and 132.
44
Let y = -279 + 515. What is the greatest common divisor of y and 4?
4
Let u(d) = -d**3 + 29*d**2 - 25*d + 37. Let f be u(28). Let n(t) = t + 6. Let a be n(5). Calculate the highest common factor of a and f.
11
Let p = -1 - -33. Let q be p/(-6)*9/(-6). Let n = 104 + -102. What is the highest common divisor of n and q?
2
Suppose 0 = -5*f + 3*g - 425, -2*f + 4*g - 146 = 24. Let s = -61 - f. Calculate the highest common divisor of s and 3.
3
Let n(b) = 461*b**2 - 2. Let p be n(-1). What is the highest common divisor of p and 51?
51
Suppose -4*n - 6 = -3*n - 3*f, -6 = -3*f. Suppose -2*o - 99 + 125 = n. What is the greatest common factor of o and 52?
13
Suppose -2*v + 2*m = -3*m + 8, 3*v + 12 = 2*m. Let q = v - -10. Suppose -16 - q = -2*r. Calculate the greatest common divisor of r and 99.
11
Let s(j) = 10 + 9 + 9*j - 1. Let i be s(12). Calculate the greatest common factor of 14 and i.
14
Let i(f) = f - 14. Let c be i(13). Let b be c/8*-2 + 888/32. What is the greatest common factor of 70 and b?
14
Let p be 24/(-9)*27/(-4). Suppose 0*g - 3*g = -p. Suppose -111 + 21 = -g*f. Calculate the greatest common factor of f and 15.
15
Let p = 4 - 1. Suppose -3 = -3*m + p. Let t(a) = 4*a**2 - 20*a - 20. Let g be t(-1). Calculate the greatest common divisor of g and m.
2
Let u be (7 + 60/(-6) - 0)*-83. Calculate the greatest common factor of u and 12.
3
Let i = 19 - 31. Let m(t) = -t. Let x(r) = -5*r + 22. Let f(a) = -6*m(a) + x(a). Let o be f(i). Calculate the highest common factor of 15 and o.
5
Suppose -w - 3*j + 13 = 0, 4*w = 3*j - 2*j + 26. Let x be (w/(14/124))/(-2). Let a = x - -36. Calculate the highest common divisor of 40 and a.
5
Let k be (-5)/(-30) - 2057/(-6). Calculate the greatest common factor of 21 and k.
7
Let v(i) = 2*i**2 + 35*i - 387. Let f be v(19). Calculate the highest common factor of 8 and f.
8
Let y(p) be the first derivative of 7*p**2/2 + p - 2. Let m be y(1). Let f = 1299 - 1211. What is the greatest common divisor of f and m?
8
Let m(u) = u**2 + 2*u + 2. Let a be m(6). Suppose -495 + 390 = -3*r + 3*v, -5*r + 245 = 9*v. What is the greatest common divisor of a and r?
10
Suppose -420*s + 630 = -402*s. Calculate the greatest common divisor of 875 and s.
35
Let h = -32 + 36. Suppose -24 = -2*c + h*w, -5*c + c + 100 = 5*w. Calculate the greatest common divisor of 5 and c.
5
Suppose 5 = 5*f, 143 = 2*a - 3*f - 424. What is the highest common divisor of 45 and a?
15
Let v(u) = 2*u - 169. Let l be v(0). Let i = l + 267. What is the greatest common factor of i and 14?
14
Let n(p) = 2*p - 8. Let f(b) = 2*b**2 - 4*b + 3. Let q = 3 - 0. Let y be f(q). Let m be n(y). Calculate the greatest common divisor of 90 and m.
10
Let w(s) = s**3 + 2*s**2 - 9*s - 6. Let y be w(-3). Calculate the greatest common divisor of 52 and y.
4
Suppose 5*q - 3*w = 342, 0 = -143*w + 148*w + 20. Let f = 20 + -14. What is the greatest common factor of f and q?
6
Suppose g = -5*a - 15, -5*g + 18 = -4*a + 6. Let h = -75 + 76. Let c be 2*2 - (h + g). What is the highest common factor of 3 and c?
3
Let s(j) = 6*j**2 - 7 - 4*j - j**3 + 2*j - j. Let f be s(5). Suppose i - 40 = -5*u + 84, 0 = 5*u - i - 116. What is the greatest common factor of f and u?
3
Let f(z) = 7*z**2 - 147*z - 45. Let k be f(24). What is the highest common factor of 255 and k?
51
Let s = -348 - -453. What is the greatest common factor of 45 and s?
15
Let p = -102 + 105. Suppose -2*h = -5*g - 101, -138 = -4*h + h + p*g. Calculate the greatest common divisor of 344 and h.
43
Let t(w) = 120*w - 306. Let j be t(3). Calculate the highest common factor of j and 1350.
54
Let i = -165 + 186. Let a be (227 - (-4 - 0))*1. What is the greatest common divisor of i and a?
21
Let m(g) = g**3 - 2*g**2 - g - 195. Let f be m(0). Let n be 24/10*f/(-26). Let q = n - 15. Calculate the greatest common factor of 12 and q.
3
Suppose 0 = -2*u + 4*u - 24. Let w be (-14)/(-4) + 245/490. Calculate the greatest common divisor of w and u.
4
Suppose 0 = -17*c + 20*c. Suppose 4*y - 4*m - 151 - 73 = c, 0 = -2*y + 3*m + 108. What is the highest common divisor of y and 12?
12
Let l(y) = -y**3 - 23*y**2 + y + 20. Let p be l(-23). Let f be -3*(p/9 + (-110)/6). Let c = -30 + 44. Calculate the greatest common divisor of f and c.
14
Let q(y) = 2*y - 5. Suppose 0 = -3*x - 2*u + 9, -4*x - 2*u = -u - 17. Let m be q(x). Let d = -89 + 124. What is the greatest common factor of m and d?
5
Let q(p) = -33*p + 15. Let x be q(-1). What is the greatest common divisor of 240 and x?
48
Suppose -257 + 1027 = 22*n. Calculate the highest common divisor of n and 245.
35
Let j(n) = 2*n**2 + 2*n - 8. Suppose 5*o = -3 + 18. Let g be j(o). Calculate the highest common divisor of 2 and g.
2
Suppose 0 = 16*h - 9 - 23. Let d = 3 + -2. Suppose -b + 7 = d. Calculate the highest common factor of h and b.
2
Suppose -x - 25 + 577 = 4*j, 3*x + 151 = j. Let g = -55 + j. Suppose -g = w - 5*w. Calculate the highest common factor of w and 3.
3
Suppose -8*q + 5*q + 183 = -3*l, -73 = -q - 3*l. What is the greatest common divisor of 2 and q?
2
Let u = 129 - 125. Calculate the highest common factor of 64 and u.
4
Let a = -282 + 626. What is the highest common divisor of 258 and a?
86
Let i be 2/5 - 296/(-10). Let v(y) = y**3 - 12*y**2 + 11*y + 12. Let t be v(11). Calculate the greatest common divisor of t and i.
6
Let x(v) = v**2 + 12*v + 7. Let w be x(4). Calculate the highest common divisor of 1349 and w.
71
Suppose 3*h + 0*h = 15. Let j(a) = 5*a**2 + 8*a + 12. Let q be j(-3). Let s = -18 + q. What is the greatest common factor of s and h?
5
Let z be ((-80)/(-35) - 2) + (-80)/(-14). Let f be z/(8/(-14)*(-42)/156). Suppose -4*h + 9 = -43. What is the highest common divisor of f and h?
13
Let l(r) = -r + 4. Let y be l(4). Let m be (7 - 4)/(1 - y). Suppose 99 = 2*k + m. Calculate the highest common divisor of k and 16.
16
Let z(n) = 2*n**2 + 24*n + 78. Let k be z(-15). What is the highest common divisor of 48 and k?
24
Let m = -62 - -94. Let l(j) = j**3 + 16*j**2 - 18*j - 13. Let s be l(-17). What is the highest common divisor of s and m?
4
Suppose 0*g - g - 4*o = -19, o + 5 = 3*g. Suppose -2*p - 28 = -y, 0 = g*y + 2*y + 5*p - 80. Let z = -95 + 275. Calculate the greatest common factor of y and z.
20
Let k = 25 - 20. Suppose k*r = 6*r + 2*j - 7, 6 = -2*j. Calculate the greatest common factor of 26 and r.
13
Suppose 33*k + 9*k - 2016 = 0. Calculate the highest common factor of k and 300.
12
Suppose -2*d - 5*h = -1045, 3*d + 44*h - 42*h - 1573 = 0. Calculate the highest common divisor of d and 7.
7
Let l be (7 + 2)/((-6)/(-18)). Let q = l + -22. Suppose 0 = -0*j - 5*j + 125. Calculate the highest common divisor of j and q.
5
Let y be ((-8)/(-6) - 2) + 4690/15. Calculate the greatest common factor of y and 39.
39
Let z be 8 + 9/((-3)/1). Suppose o - z*j = 0, -3*o - o - 4*j + 96 = 0. Suppose y - 40 = -3*y. Calculate the greatest common factor of y and o.
10
Let j(o) = -10*o. Let c be j(-3). Suppose c = -g + 36. What is the highest common factor of g and 18?
6
Suppose -h = -2*v + 71, -17*h + 20*h = -3*v + 102. Calculate the greatest common factor of 2240 and v.
35
S